 = 0. What is the units digit of g?
3
Suppose 103*g - 108*g = 35. What is the units digit of (567/g)/((-2 - -4)/(-2))?
1
Suppose -28*f - 8 = -30*f. Suppose 3*g = -0*g - 4*w - 7, 0 = g + f*w + 13. What is the units digit of g?
3
Suppose 78 + 776 = -7*i. Let v = -52 - i. What is the tens digit of v?
7
Let h be 4/((-10)/(-45) + (-694)/3204). Suppose -66*w + h = -62*w. What is the hundreds digit of w?
1
Let q(m) = -m**2 - 7*m - 14. Let b be q(-4). What is the tens digit of b/(-3)*96*(-4)/(-8)?
3
Let t(v) = 2246*v**2 + 5*v + 2. What is the thousands digit of t(-1)?
2
Suppose -5*b - 75 = -4*s - 0*b, 2*s + 2*b - 24 = 0. Suppose u = -5*l + s, -u = 3*l - 3*u + 4. Let d = l + 16. What is the tens digit of d?
1
Let s(z) = 170*z**3 + 14*z**2 - 14*z - 2. What is the hundreds digit of s(3)?
6
Suppose 5*l - 1978 = -22*u + 20*u, 0 = l - 4. What is the units digit of u?
9
Let i = -163 + 418. What is the tens digit of i?
5
Let o(n) = n**3 - 10*n**2 + 2*n + 56. What is the units digit of o(14)?
8
Suppose 47*g + 108 = 41*g. What is the hundreds digit of (-164)/(-1) - (13 + g)?
1
Suppose 2*b = 3*d + 9561, 0*b - b = -d - 4780. What is the hundreds digit of b?
7
Let l = -18 - -9. Let n be (-2)/l + 34/9. Suppose -4*m = -0*s - n*s - 52, 7 = m - 4*s. What is the units digit of m?
5
Suppose 5*r = -0*r + 25, 0 = -4*b + r + 51. What is the tens digit of 8/b - 1872/(-56)?
3
Let d = 16 + -32. Let z = d + 16. Suppose z = -j + 2*j - 14. What is the units digit of j?
4
Let w(z) = 4*z. Let q be w(-1). Let t(y) = -y**3 - y**2 - 4*y - 4. What is the tens digit of t(q)?
6
Suppose -3*c = -7*c + 176. Let m be (-12)/8 + c/8. Suppose 4*j - 69 = 3*p, 0*j + m*p = -4*j + 104. What is the tens digit of j?
2
Let h be 15/(-10)*(-4)/2. Suppose -3 = -w + u - 0*u, 3*w + h = -u. What is the units digit of w + (-3)/(-1) + 12?
5
Suppose h = 2*r - 9, -4*h = -3*r - 2*r + 21. Let m be (8/20)/((-1)/r). Let a(u) = 2*u**2 + 3*u + 5. What is the units digit of a(m)?
7
Let u(w) = -12*w**3 - 2*w**2 - w - 3. What is the tens digit of u(-3)?
0
Let l be -41 - (-2 - 15/5). Let c = l + 114. What is the units digit of c?
8
Suppose 0 = -4*w + 2*m + 664, -2*w + m + 4*m + 348 = 0. Suppose w = 4*o - 5*s - 344, -2*o - s + 268 = 0. What is the tens digit of o?
3
Let u = 16 - 10. Suppose -379 = t + 2*c, 0 = t - 6*c + c + 344. What is the units digit of t/(-18) - u/(-4)?
2
Suppose 4*h - 9 - 11 = 0. Suppose -4*q = 8, -h*i + 3*q = 79 - 255. What is the tens digit of i?
3
Let s = -36 + 50. Let l = 75 - s. What is the units digit of l?
1
Let l(b) = -142*b**3 + 3*b**2 + 16*b - 1. Let m(g) = 47*g**3 - g**2 - 5*g. Let i(o) = -2*l(o) - 7*m(o). What is the units digit of i(-1)?
5
Let f(w) = -119*w + 19. Let y(a) = -178*a + 27. Let k(o) = 7*f(o) - 5*y(o). Let b(u) = u + 6. Let m be b(-5). What is the units digit of k(m)?
5
Let x = 91 + -51. What is the units digit of x - 8/((-8)/3)?
3
Let s be ((-40)/16)/(1/14). Let c be (-56)/s*(11 + -1). Let b = c + -10. What is the units digit of b?
6
Let l(h) = 217*h + 8. Let q be l(4). Suppose 0 = -13*m + 7*m + q. What is the units digit of m?
6
Let f be 1*2 + -4 + 5. Let i be (-16)/(-6) + (-2)/f. Suppose -i*b - 3*v = -21, 4*b - 3*v - 63 = -b. What is the units digit of b?
2
Let c(v) = -6*v + 5. Let h(o) = o - 8. Let m = 22 - 17. Let u be h(m). What is the tens digit of c(u)?
2
Suppose -10 - 2 = -2*f. Suppose 4*z + 8 = f*z. Suppose -31 = -o - z. What is the units digit of o?
7
Let o(i) = -12*i + 0 - 2 - 6 - 2. What is the tens digit of o(-7)?
7
Let v = 180 - 108. Suppose -t + v = -3*b + 268, -b + 4*t = -47. What is the units digit of b?
7
Let w(u) = u**3 + 13*u**2 + 16*u + 37. What is the tens digit of w(-10)?
7
Suppose 4*n + 2 + 38 = 0. Let a(p) = p**2 + 10*p + 9. Let f be a(n). Suppose -f = 2*x - 25. What is the units digit of x?
8
Let r be (-1)/(3/(2 - -1)). Let c be (-6390)/(-40) - r/4. Suppose -c = -5*h - b, 0*h = -4*h - 4*b + 128. What is the units digit of h?
2
Let y(z) be the second derivative of z**3/3 + 2*z. Let i be y(1). What is the tens digit of 15/(i/((-8)/(-4)))?
1
Suppose 215*y = 226*y - 46057. What is the tens digit of y?
8
Suppose -y + 1112 = 4*b - 5*y, -4*b = -2*y - 1104. Let v = -125 + b. What is the tens digit of v?
4
Let l(d) = -3*d + 39 - 7 + 2*d. What is the units digit of l(23)?
9
Let h be 4/(-6) + (-11)/(-3). Suppose -h*u = -6*u. Suppose 318 = -u*i + 6*i. What is the units digit of i?
3
Let n(m) = 3*m + 109. Let q be (-1)/1 + (3 - (2 - 0)). What is the units digit of n(q)?
9
Let j(a) = 6*a - 21. Let g be j(13). Let q = g + -24. What is the units digit of q?
3
Let r = 1 + 17. Suppose 14*h - r*h = -8. What is the units digit of h?
2
Suppose -4*p - 9*p - 39 = 0. What is the tens digit of 12/(-3) - -120 - (-12)/p?
1
Let q = -19 + 14. Let v(j) = j**2 + 6*j + 5. Let k be v(q). Suppose -4*g - 3*r + 93 = 0, -5*g - 3*r + k*r = -120. What is the tens digit of g?
2
Let n(c) = c**2 - c + 2. Let v(b) = -b**2 - 11*b + 4. Let d be v(-11). Suppose -4*x - 16 = -h, -2*h + 0*x = d*x + 4. What is the tens digit of n(h)?
1
Let k = 633 - 286. What is the hundreds digit of k?
3
Let b be 4/(-6) - (-136)/24. Suppose b*s + 2*d = 73, -3*s - d - 48 = -7*s. Suppose -q = -58 + s. What is the units digit of q?
5
What is the hundreds digit of -6 + 660 + -1 + -2?
6
What is the hundreds digit of (5*-57 + 0)*(-12)/10?
3
Let o(c) = -c**3 + 7*c**2 - 6*c - 3. Let r be o(5). Let w = 5 + r. Suppose 68 = -20*f + w*f. What is the units digit of f?
4
Suppose 4*b + 2*a = -3 - 17, -2*b + 10 = -4*a. What is the hundreds digit of (206/6)/(b/27*-3)?
1
Let k(r) = r + 17. Suppose -8 = -4*d - 140. Let g = d + 23. What is the units digit of k(g)?
7
Suppose 5*b = -3*v + b + 98, 0 = 4*v - 3*b - 114. Suppose -v = -3*d + 297. What is the units digit of d?
9
Let i = 403 + -163. What is the units digit of i?
0
Let u(s) = s - 10. Let x be u(7). Let c(t) be the second derivative of -2*t**3/3 - 3*t**2/2 - 3*t. What is the units digit of c(x)?
9
Let f(x) = 6*x**2 - 251*x + 171. What is the hundreds digit of f(50)?
6
Suppose 5*p + 3*r = -58, -p + 2*p + r = -12. Let b(x) = -x**3 - 12*x**2 - 10*x + 8. Let s be b(p). What is the units digit of 6/2 - 39/s?
6
Suppose 4*p - 5*y - 45 = -0*p, -10 = 2*y. Suppose -13*s - p = -14*s. What is the tens digit of 32/((s/(-1))/(-10))?
6
Suppose -4*p - 182 = -1286. Suppose 3*y - 2*y - 4*c = 46, 3*c - p = -5*y. What is the units digit of y?
4
Suppose x + 4*a = -x + 472, a - 944 = -4*x. Suppose 10*i = 6*i + x. What is the units digit of i?
9
Let b(h) be the second derivative of 19*h**3/2 - 19*h**2/2 - 11*h. What is the hundreds digit of b(5)?
2
Let g = -35 + 35. Suppose g = -2*n + 190 + 14. Let m = n + -63. What is the units digit of m?
9
Suppose 2*b - 22 = 32. Let o be 48/b - 6/(-27). What is the tens digit of (-1275)/(-30) + o/(-4)?
4
Let a(y) = -164*y + 49. What is the units digit of a(-5)?
9
Suppose -211*m - 5885 = -216*m. What is the thousands digit of m?
1
Let t(s) = -2*s**3 + s**2 + 5*s + 2. What is the tens digit of t(-8)?
5
Let d(a) = a**2 + 9*a + 9. Let l be d(-9). Let p be 67 - (7 - l/3). Suppose -5*j - p = -12*j. What is the units digit of j?
9
Suppose 0 = t - 2. What is the tens digit of (t + -25)/((-4)/12)?
6
Let m be (-1 - -2)*(-18 - -29). Let h = 9 + m. What is the tens digit of h?
2
Let z(h) = h**2 - 13*h - 41. What is the tens digit of z(21)?
2
Suppose 3*n - 5*x + 6*x = 12595, -x = 4*n - 16792. What is the thousands digit of n?
4
Suppose 1090 = v - 493. What is the tens digit of v?
8
Let w(h) = 54*h**2 + 64*h + 399. What is the tens digit of w(-7)?
9
Let m(d) = -d - 2. Let w be m(12). Let c be (w/6)/((-1)/(-6)). Let i = 69 + c. What is the units digit of i?
5
Suppose -2*z = -5*z + 189. Let b = 107 - z. Suppose -x - 4*p = -b, -3*x + 5*p + 98 = -0*p. What is the tens digit of x?
3
Let t = 3589 - 2422. What is the units digit of t?
7
Let x(o) be the third derivative of -1/120*o**6 - 1/6*o**4 + 0*o + 0 - 2/3*o**3 + 4*o**2 - 1/20*o**5. What is the units digit of x(-3)?
8
Suppose 3*u = 5*r + 50, -r - 16 = -2*u + u. Let a be (-4)/10 - (-996)/u. Let n = a + -41. What is the tens digit of n?
2
Suppose 5*r = 5*s - 65, 2*s - 32 = -r - 3. Let c = s - 18. What is the units digit of (-14)/c*8 - 0?
8
Suppose -3*j + 3 = -4*f, -2*f + j + 2 = 3*j. Suppose 3*a + 3*r - 1 = 11, f = -a - 4*r - 2